 0 = -y + t + 1. What is the units digit of y?
2
Suppose 23 = -4*g + 5*p + 136, -2*p - 54 = -2*g. What is the units digit of g?
2
Let m be -6*(-1)/(-2) - 6. Let i(z) = -3*z - 5. What is the units digit of i(m)?
2
Let s(k) = k**2 + 2*k + 2. What is the units digit of s(0)?
2
Let v(l) = -2*l - 1. Let b be v(-5). Let c = 15 - b. What is the units digit of c?
6
Let g(w) = w**2 - w + 2. Let z be g(0). Suppose -2*a + z = -2. What is the units digit of a?
2
Let s be 15 + 0/(-2 - -4). Suppose 0 = o - 4*o + s. Suppose -2*n + o*n = 15. What is the units digit of n?
5
What is the tens digit of (4 + 574)*3/6?
8
Suppose 2*q - 9 = -q. Let y be q*(-2)/3 + 62. Suppose 5*d = 5*l - 6*l + y, -5*l = 0. What is the tens digit of d?
1
Let z(u) = -u**3 - 7*u**2 - 8*u - 12. What is the tens digit of z(-7)?
4
Let d(t) = -64*t. What is the tens digit of d(-1)?
6
Suppose 3*v - 48 = d + 17, 4*v + 3*d - 65 = 0. Suppose 19 = 3*p - 4*o, -4*p + 2*o + 12 = -v. Suppose c = 2*c - p. What is the units digit of c?
9
Suppose 10 = 2*u, -9*u - 403 = -4*g - 8*u. What is the hundreds digit of g?
1
Let s(h) = -5*h + 50. What is the units digit of s(-20)?
0
Suppose -2*n + 3 = 1. Let v = 5 - n. What is the units digit of v?
4
Let x(c) = c**3 + c**2 + c. Let p(a) = -a**3 + 8*a**2 - 12*a - 1. Let z(v) = -p(v) - 2*x(v). What is the tens digit of z(-11)?
1
Let i(l) = 5*l**2 + 35*l + 30. Let s(g) = -2*g**2 - 10 - 8*g + 4*g - 8*g. Let h(p) = 3*i(p) + 8*s(p). What is the tens digit of h(9)?
1
Suppose -31 = -d - 2. What is the units digit of d?
9
Suppose -7*x + 3*x = 3*c, 19 = -x + 4*c. Let y be 12 - (x/3 - -3). What is the units digit of (60/(-25))/((-3)/y)?
8
Let r = 12 + 22. Let s = r + -23. What is the units digit of s?
1
Let v = 53 - 4. What is the tens digit of v?
4
Let h(j) = -34*j - 5. What is the units digit of h(-4)?
1
Let n = 0 + -1. What is the units digit of 0 + 13 - (-1 + n)?
5
Suppose -2*p - 8 = 0, 2*x = 4*p + 20 + 2. Suppose x*w + 4 = 1. What is the units digit of 8/5*(-5)/w?
8
Suppose -3*y = -2*y - 37. What is the units digit of y?
7
Let p be (-2)/(-9) - (-2)/(-9). Suppose -3*g + g + 18 = p. What is the units digit of g?
9
Suppose 0 = 23*r - 160 - 93. What is the units digit of r?
1
Suppose y = -5*h + 1147, 2*y + 3 + 3 = 0. What is the tens digit of h?
3
Let b(c) = -c**2 + 5*c - 4. Let o be b(4). Let a(m) = -m + 0*m + o - 3. What is the units digit of a(-4)?
1
Let k = 90 + 123. What is the tens digit of k?
1
Suppose 3*b + 11 - 26 = 0. Let x be 2/b + 8/5. Suppose 4*l + 3*o = -0*l + x, -3*o = -l + 8. What is the units digit of l?
2
Let l(r) = r + 9. What is the units digit of l(-8)?
1
Let w = 73 + -51. What is the tens digit of w?
2
Let k be ((-3)/(-6))/((-1)/(-10)). Suppose -15 = -4*n + 4*h + 9, -3*n - k*h = 22. Suppose 5*v - 6 = -n. What is the units digit of v?
1
Suppose 5 - 12 = z. Let i = z - -1. Let n = 12 + i. What is the units digit of n?
6
Suppose h + h + 32 = 0. Let j = 21 + h. What is the units digit of j?
5
Let d be 6/(-21) - 46/(-14). Suppose -a = -4*a + d. What is the units digit of a?
1
What is the tens digit of 1 + -3 + 24 + -1?
2
Let d = 41 - 16. What is the tens digit of (3 - 7)/4 + d?
2
Suppose 2*f - 24 = 48. What is the tens digit of f?
3
Suppose -3*s + 16 = 2*z - 5*s, 2*z + 5*s = 30. What is the units digit of z?
0
Let c = 149 - 52. What is the tens digit of c?
9
Suppose -66 = -x + 4*x. Let y = x + 36. What is the tens digit of y?
1
Suppose -4*f - 18 = -6. Let o = 2 - f. Let p = 10 - o. What is the units digit of p?
5
Let h(q) = -q**2 + 11*q + 6. Let v be h(11). Let f = -4 + v. What is the units digit of f?
2
What is the hundreds digit of (9/12)/((-12)/(-4112))?
2
Let j(v) = -v**3 - 12*v**2 + 12*v + 14. Let x be (1/(-3))/((-1)/(-39)). What is the units digit of j(x)?
7
Let f(i) = i**3 - 3*i**2 - 5*i + 4. Let x be f(4). Suppose -4*a - 5*j + 13 = x, a - 4*j = 18 + 1. What is the units digit of a?
7
Let l(x) = 0*x + x**2 + 0*x + 5 + x. Suppose -4*u = 3*v + 9, -u + 9 = -5*v - 6. What is the units digit of l(u)?
5
Suppose -5*w + 4*m = 8 - 43, 2*w - 5*m = 31. Let d = 6 - w. Suppose 4*q = -4*o - 8, -3*q + d*o = -19 + 1. What is the units digit of q?
2
Let r = -7 + 17. Suppose 31 = 3*g + r. What is the units digit of g?
7
Suppose -2*j = -3*g - j + 106, 5*j + 75 = 2*g. What is the tens digit of g?
3
Suppose 2*g - 13 = b, -2*g - 5*b - 5 = -0*b. Suppose -5*n + 50 = g*d, 4*d - n = -d + 50. What is the tens digit of 104/10 - 4/d?
1
Let w = 1 - 1. Let s = 0 + w. Suppose 0 = -s*j - 2*j + 2. What is the units digit of j?
1
What is the units digit of (1/((-2)/(-67)))/(59/118)?
7
Let r(t) = -31*t - 6. What is the tens digit of r(-4)?
1
Let j(w) = w**3 - 8*w**2 + 3*w - 1. Let v(c) = 2*c**2 - 6*c. Let x be v(4). What is the units digit of j(x)?
3
Let c(v) = -v**3 - 5*v**2 - 3*v - 5. What is the units digit of c(-5)?
0
Let g be -2 + 2 + 0 - -36. Suppose g = 2*k + 3*x, k + x - 40 = -2*k. What is the units digit of k?
2
Let w = 19 + 38. Suppose -42 = -h - 2*r, 0 = 2*h + 2*r - 17 - w. What is the tens digit of h?
3
Let q = -69 - -151. Let g = q + -58. What is the units digit of g?
4
Suppose -2*s + 161 = -u, 421 = 4*s + 5*u + 92. What is the units digit of s?
1
Let i(p) = -11*p**2 - 2*p - 1. Let k be i(-1). Let z = k + 30. What is the tens digit of z?
2
Suppose -2*a - t + 6*t + 35 = 0, -5 = 3*a + 4*t. Let n = 5 - a. Suppose n = 5*j - 0*j - 35. What is the units digit of j?
7
Let c(l) = -l**2 + 9*l - 16. Let s be c(7). Suppose -2*w + 5 = 5*a, a - 87 = -5*w - 17. Let u = w + s. What is the tens digit of u?
1
Suppose 5*r = -g - 32, -4*r + 6*r - g + 10 = 0. Let j be r + 10 - 0/2. Suppose 4*m = -2*o + j, m + m = -6. What is the units digit of o?
8
Let y(f) = -f**3 + 10*f**2 + 12*f - 5. Let z be y(11). Let h = 3 - 1. Suppose -b = -h*b + z. What is the units digit of b?
6
Suppose -c + 3*c - 2*s = -236, -5*s - 112 = c. Let a = -69 - c. What is the tens digit of a?
4
Suppose 53 = -3*c - 2*r + 219, 4*r - 72 = -c. Suppose 3*s + s = -c. Let a = -8 - s. What is the units digit of a?
5
Let x(k) = -k**3 + k + 6. Suppose -7 = -2*n + 1. Suppose -n*d + d = 0. What is the units digit of x(d)?
6
Suppose 5*y = -12 + 37. Let q = y - 3. What is the units digit of q?
2
Suppose -2*i - 163 = -3*k, 0*k = -4*k - 3*i + 223. What is the units digit of k?
5
Suppose -z + 2 + 0 = 2*i, 0 = 5*i + 5*z - 15. Let v be (0 + -2 - 0)/1. Let s = i - v. What is the units digit of s?
1
Suppose 3*i + 3*p = 306, -5*i - p + 291 + 239 = 0. What is the hundreds digit of i?
1
Suppose -5*c - 3*u + 397 = 0, 5*c = -7*u + 3*u + 401. What is the tens digit of c?
7
Let m = 22 - -52. Suppose n - 5*o - 9 = 20, 0 = -4*n - o + m. What is the tens digit of n?
1
Let o be (2 + -1)/((-2)/(-10)). Let b = o + -1. What is the units digit of b?
4
Suppose -4*m + 13 + 27 = 4*u, 4*m = 0. Suppose -8*v = -3*v - 3*t - 10, -4*v - 4*t = -8. Suppose v*d - 32 = -u. What is the tens digit of d?
1
Suppose -4*g - 5*p = -6, -41 + 17 = -5*g + 2*p. Let t = -23 - -36. Suppose -g*r = 3*v - 2*v - t, r - 10 = -v. What is the units digit of v?
9
Suppose 0 = 5*j - r - 180, 3*j - 23 - 63 = 5*r. What is the units digit of j?
7
Suppose -8 = -o + 3*j + 1, 4*o = 2*j + 86. What is the tens digit of o?
2
What is the tens digit of -1 - (-102)/(-4)*(2 + -4)?
5
Let d be (4/3)/((-2)/(-45)). Let r = -13 + d. Suppose 5*z + 5 = 4*u, 4*u + 2*z - r = 3*z. What is the units digit of u?
5
What is the units digit of 170 + (0 - (-4 + 5))?
9
Let n = -6 + 15. Let a = n + -5. Suppose 3*k + 2*t - a*t = 20, 3*t + 18 = 3*k. What is the units digit of k?
8
Let a(r) = r**3 - 3*r + 4. What is the units digit of a(3)?
2
Let b(t) = 22*t + 3. Let w be b(-2). Let k = -23 - w. What is the tens digit of k?
1
Let a(y) = 37*y**2 - y - 7. What is the tens digit of a(-2)?
4
Let l = -8 - -13. Suppose m + 5 = o, 13 = -l*m + o + o. What is the units digit of (6/5)/(m/(-5))?
6
Suppose -4*w = c - 8, 5*w - 2*c + 14 = 37. Suppose 0 = w*o - 2*o - 32. Suppose -6 = 4*b + 2*n - o, 5*n = 2*b + 5. What is the units digit of b?
5
Let f(u) = 0*u**2 + u**2 + 6 + 1 - 2*u**2 + 8*u. What is the units digit of f(8)?
7
Suppose -2*d - 135 = -3*r, -2*r - 110 = 2*d - 0*r. Let v be (-8)/28 - d/14. Suppose -w - 4*c - 15 = 0, v*w - 2*c - 5 = -5*c. What is the units digit of w?
5
Suppose 2*z - 4*z - 2*j = -370, -4*z = 2*j - 746. What